9 prime?
True
Is 140980327 a composite number?
True
Is 184722449 a composite number?
True
Is 4726369 prime?
True
Is 3147143 prime?
True
Is 3652121 a composite number?
True
Is 135862747 a composite number?
False
Is 3261827 a composite number?
False
Is 15075209 prime?
False
Is 382312199 a prime number?
True
Is 86201761 composite?
False
Is 6695387 composite?
True
Is 19924427 composite?
True
Is 117541387 a prime number?
False
Is 6529609 prime?
False
Is 48356255 prime?
False
Is 647922787 prime?
False
Is 3971027 prime?
True
Is 2545843 a prime number?
True
Is 115393249 a composite number?
True
Is 66756197 a prime number?
False
Is 41709001 a composite number?
False
Is 421778999 a prime number?
True
Is 153606905 a prime number?
False
Is 64059133 a prime number?
True
Is 17855597 a composite number?
True
Is 78491 composite?
True
Is 12309877 composite?
False
Is 807581179 prime?
True
Is 33655819 composite?
False
Is 6105439 a composite number?
False
Is 98889761 prime?
True
Is 987293 prime?
True
Is 195965555 a composite number?
True
Is 27957551 a composite number?
False
Is 45543683 composite?
False
Is 22391651 a composite number?
False
Is 6754961 a prime number?
True
Is 90616703 composite?
True
Is 544805327 a prime number?
False
Is 9545461 composite?
False
Is 1579397 a composite number?
False
Is 170161 a composite number?
True
Is 27628949 a composite number?
False
Is 200261 a prime number?
False
Is 4812523 composite?
False
Is 60776503 composite?
False
Is 22444189 prime?
True
Is 664157931 a prime number?
False
Is 147526541 prime?
True
Is 29480881 composite?
False
Is 926407 a prime number?
False
Is 12533051 a prime number?
True
Is 744451 a prime number?
True
Is 180697603 composite?
True
Is 4230571 composite?
False
Is 882101 composite?
True
Is 10960381 composite?
True
Is 39221759 prime?
False
Is 28624047 prime?
False
Is 2998747 a composite number?
False
Is 2449297 a composite number?
False
Is 278822653 composite?
True
Is 2340629 composite?
True
Is 1883857 a composite number?
False
Is 93149669 a prime number?
True
Is 13987007 composite?
False
Is 12793874 composite?
True
Is 3147421 composite?
False
Is 117366397 composite?
True
Is 39903859 a prime number?
False
Is 81802271 a prime number?
True
Is 2599151 prime?
False
Is 59610927 a prime number?
False
Is 821968981 a prime number?
False
Is 644239 prime?
True
Is 35591537 a composite number?
False
Is 9148609 a prime number?
True
Is 1013124533 a prime number?
True
Is 47833105 a composite number?
True
Is 197725631 prime?
False
Is 4101733 composite?
False
Is 490407923 prime?
True
Is 186713237 a prime number?
True
Is 1927537 a prime number?
True
Is 31985663 a composite number?
True
Is 13847249 a prime number?
False
Is 814121227 composite?
False
Is 19984031 a composite number?
False
Is 6663529 composite?
True
Is 37091771 a prime number?
True
Is 6878341 composite?
False
Is 270880429 composite?
False
Is 132983951 prime?
False
Is 1486493 prime?
True
Is 36210593 a composite number?
True
Is 1646017 composite?
False
Is 2775749 composite?
True
Is 3318881 prime?
False
Is 26041009 prime?
True
Is 6915431 a prime number?
True
Is 1718153 a prime number?
True
Is 1183121 prime?
True
Is 4018991 prime?
False
Is 32716481 composite?
True
Is 1778059 a composite number?
False
Is 28648643 prime?
False
Is 782540329 prime?
False
Is 21910799 prime?
True
Is 373461493 a composite number?
True
Is 11045159 composite?
False
Is 162923815 a prime number?
False
Is 90030163 a composite number?
False
Is 12221233 a composite number?
False
Is 222254803 prime?
True
Is 121052093 prime?
False
Is 29789209 a prime number?
False
Is 5196583 prime?
False
Is 5570959 a prime number?
True
Is 23236021 prime?
False
Is 382142203 a prime number?
True
Is 1869067 a composite number?
True
Is 6414335 composite?
True
Is 68301973 composite?
True
Is 75508117 prime?
True
Is 966499 composite?
False
Is 4086931 composite?
True
Is 68063509 a composite number?
True
Is 329807173 prime?
False
Is 1851583 prime?
False
Is 114050459 prime?
True
Is 12621703 a composite number?
False
Is 22221921 a prime number?
False
Is 20926427 a composite number?
False
Is 29430493 composite?
False
Is 164989519 a composite number?
False
Is 24747887 composite?
True
Is 2515039 composite?
False
Is 490881719 a composite number?
False
Is 11286973 prime?
False
Is 103048861 a composite number?
True
Is 3021437 composite?
True
Is 171336833 prime?
True
Is 10441357 a prime number?
True
Is 367119229 prime?
True
Is 10688107 prime?
True
Is 30461957 composite?
False
Is 971339 a composite number?
False
Is 1210103 a prime number?
True
Is 723464051 composite?
False
Is 6599657 composite?
True
Is 2498501 composite?
True
Is 33810377 a composite number?
False
Is 44699581 prime?
True
Is 114189643 prime?
False
Is 2675033 a prime number?
False
Is 202273261 a composite number?
False
Is 630559 prime?
True
Is 27179 a prime number?
True
Is 41891327 composite?
False
Is 18846609 a composite number?
True
Is 77367127 composite?
True
Is 5723429 composite?
True
Is 92043403 a prime number?
False
Is 435529 prime?
True
Is 1034258 prime?
False
Is 9983689 composite?
False
Is 1405289 composite?
False
Is 1605081397 prime?
True
Is 71120593 a composite number?
False
Is 2994829 prime?
True
Is 125186617 a composite number?
False
Is 115151 a composite number?
False
Is 31747531 a composite number?
False
Is 1335281 composite?
True
Is 45009449 a prime number?
True
Is 695137 a prime number?
False
Is 3032587 composite?
True
Is 238759 a composite number?
False
Is 141406703 a prime number?
False
Is 749147 a composite number?
True
Is 8644267 composite?
True
Is 2906741 a composite number?
False
Is 1411003 composite?
True
Is 9401513 prime?
False
Is 2772881 composite?
False
Is 393427 a prime number?
False
Is 19143121 a composite number?
False
Is 287760217 composite?
False
Is 29751629 a prime number?
True
Is 3202079 a prime number?
True
Is 5392355 composite?
True
Is 17393269 a composite number?
False
Is 16782781 prime?
True
Is 635914 a composite number?
True
Is 68095813 a composite number?
False
Is 1286353 a composite number?
True
Is 627397 prime?
False
Is 39159031 a prime number?
True
Is 2847613 a prime number?
False
Is 22106833 a composite number?
True
Is 4808071 a prime number?
True
Is 266333 composite?
False
Is 12566473 prime?
True
Is 77064837 composite?
True
Is 40865453 a composite number?
True
Is 273261101 a prime number?
True
Is 12971069 composite?
False
Is 167721179 composite?
False
Is 2967191 a composite number?
True
Is 35842087 prime?
False
Is 2610012857 a composite number?
False
Is 73663706 a composite number?
True
Is 47668177 a composite number?
True
Is 153193 a prime number?
False
Is 11213957 composite?
False
Is 7231429 a composite number?
False
Is 31755085 a prime number?
False
Is 35798093 composite?
True
Is 61791881 a composite number?
False
Is 130596121 prime?
False
Is 37128115 a composite number?
True
Is 90285109 a composite number?
False
Is 11632571 a composite number?
False
Is 4665413 a composite number?
False
Is 5691163 composite?
True
Is 8780861 prime?
True
Is 368579869 composite?
True
Is 140573021 a prime number?
True
Is 511991 a composite number?
False
Is 643507 prime?
True
Is 6238951 a prime number?
True
Is 6050687 composite?
False
Is 1913368681 a prime number?
False
Is 6554699 a composite number?
False
Is 82394959 a composite number?
False
Is 425306159 a prime number?
False
Is 17447633 a prime number?
False
Is 70597105 a prime number?
False
Is 9413249 a composite number?
True
Is 2725871 a prime number?
True
Is 2914057 prime?
False
Is 1732831 composite?
False
Is 6670109 composite?
False
Is 3652967 prime?
True
Is 18092153 composite?
False
Is 142111657 a prime number?
False
Is 9583363 composite?
False
Is 390120433 composite?
True
Is 770387 composite?
False
Is 165784339 prime?
False
Is 18180677 prime?
True
Is 124445131 a composite number?
False
Is 213109301 a prime number?
False
Is 151887343 prime?
True
Is 690197 a composite number?
True
Is 23306207 prime?
True
Is 7159157 prime?
True
Is 1786919 composite?
True
Is 7647847 a prime number?
False
Is 37086721 a prime number?
False
Is 5079947 composite?
False
Is 72173263 composite?
True
Is 10863341 prime?
False
Is 12045049 composite?
True
Is 1244909 a composite number?
False
Is 1988849 a prime num